 5*y + 5*b - 165 = 0, m*y - 5*b - 105 = -2*y. List the prime factors of y.
2, 3, 5
Suppose 5*y = 15, 63*p - 5*y + 1946 = 64*p. List the prime factors of p.
1931
Let z be (198/24)/(4/16). Suppose -l + 33 = -2*v, 3*l - 5*v = 4*l - z. What are the prime factors of l?
3, 11
Let t = 21 - -41. Let i = t + 35. List the prime factors of i.
97
Suppose 0*w + 4*w = 2*t + 22, -1 = t. Suppose 3*s = 5*a - 265, -a + w*a + 2*s = 234. What are the prime factors of a?
2, 7
Suppose -2*r - 3*t - 14 = -197, 3*t - 444 = -5*r. Suppose x + 15 = r. What are the prime factors of x?
2, 3
Let n be ((-12)/9)/(1/(-201)). Suppose -2*t - 2*t + n = -2*b, 4*t = -4*b + 244. List the prime factors of t.
5, 13
Suppose 0 = -3*s + 15, -2*s = 12*o - 8*o - 1306. What are the prime factors of o?
2, 3
Let q be (-7 + 12)/(0 - -1). Suppose -q*t + 16 = -14. Suppose 4*h - 3*i - 7 = t, h + 13 = 4*i. List the prime factors of h.
7
Suppose 3*j + u - 29 = 5*u, -j - 4*u - 1 = 0. Let x(b) = -4*b - 4*b**2 + 9*b**2 + 2 + j*b**2. List the prime factors of x(2).
2, 3, 7
Suppose 0 = 2*b + 4*o - 172, -72 - 171 = -3*b - 3*o. List the prime factors of b.
2, 19
Let g = 85 + -195. Let v = -22 - g. What are the prime factors of v?
2, 11
Suppose 380 = 4*u - 712. Suppose -4*t + u = -t. Suppose 4*g - 93 = -d, g - t = -3*g + d. List the prime factors of g.
23
Suppose 2*j = -v + 657, 2*j - 5*v + 351 = 3*j. List the prime factors of j.
2, 163
Let n be 18/(-4)*80/(-6). Let g = 89 - n. What are the prime factors of g?
29
Let n be (-4)/8 - (-38)/4. Let k(d) = 6*d + 17*d + n*d + 4*d. List the prime factors of k(1).
2, 3
Let f be 1160/7 + (-22)/(-77). Let t be ((0 - 4)/2)/(-1). Suppose -3*d - c - 2*c + 102 = 0, 4*d - t*c = f. What are the prime factors of d?
3, 13
Let a(t) = t**3 + t**2 + 2*t + 64. Let m be a(0). List the prime factors of (4/8)/(2/m).
2
Suppose 5*h - 6*h - 4*p - 18 = 0, 0 = 3*h + p - 1. Let i(z) = 129*z - 8. List the prime factors of i(h).
2, 5
Let o be (1 + -1)/(6 - 4). Let u be -2 + (5 - 3) - o. Suppose u = 3*g + q - 3 - 8, -2 = 2*q. List the prime factors of g.
2
Suppose 973 + 26 = 3*p. Suppose 27 = -6*q + p. List the prime factors of q.
3, 17
Let j be 2*(396/8)/11. Suppose 3*z - j = 78. List the prime factors of z.
29
Let p(r) = r + 12. Let m be p(-6). Let q = -492 - -511. Let h = m + q. List the prime factors of h.
5
Let d be ((-315)/(-14))/((-3)/(-16)). Suppose -d = a - 3*a. Suppose -x = x - a. What are the prime factors of x?
2, 3, 5
Suppose 0 = o + 2, 5*h - 4 = -2*o - 8. Suppose h = -11*g + 13*g. Suppose g = 2*d + 3*x - 27, d + 0*x = -2*x + 14. List the prime factors of d.
2, 3
Suppose 4*l - 30 = -54. Let k(w) be the third derivative of w**4/24 + 11*w**3/6 + w**2. What are the prime factors of k(l)?
5
Let q(y) = -3*y - 7. Let p(s) = -5*s - 11. Let c = -11 + 16. Let t(m) = c*p(m) - 8*q(m). What are the prime factors of t(-6)?
7
Let u(n) be the second derivative of -n**5/20 - n**4/2 + 3*n**3/2 + 17*n**2/2 + 9*n. List the prime factors of u(-8).
73
Let n = 23 - 21. Suppose -4*v - n*o = -136, 6*o - 124 = -4*v + o. What are the prime factors of v?
2, 3
Let l(g) = -115*g + 200. What are the prime factors of l(-17)?
5, 431
Let r(o) = -o + 1. Let w be r(-4). Suppose m = -3*q - 0*m + 44, m - w = 0. Suppose -q = -s + 10. What are the prime factors of s?
23
Let c be -1*(-2 + (0 - -4)). Let f be 3 + 89*(c + 7). What are the prime factors of (-5)/2*f/(-35)?
2
Suppose -w - 2*i + i + 1 = 0, 0 = -3*w + 4*i + 24. List the prime factors of (2367/6)/(6/w).
263
Let z(x) be the third derivative of -x**2 + 0 - 5/24*x**4 - 7/6*x**3 + 0*x. List the prime factors of z(-5).
2, 3
Let s(u) = 12*u + 5. What are the prime factors of s(1)?
17
Let c(o) = o**3 + 3*o**2 - 12*o + 10. Let s be c(5). Suppose 75 = p - s. List the prime factors of p.
3, 5
Suppose -2*g = 2*x + 28, 2*g + 1 = -1. Let r = -9 - x. What are the prime factors of r?
2
Suppose -7 = y + 9. Let m = y + 21. Suppose 3*a = -2*g + 30, m*g = 5*a + 89 - 14. What are the prime factors of g?
3, 5
Let w(l) = 10*l**3 + 3*l**2 - l. Let d be w(1). List the prime factors of 0 - (-64 + d/4).
61
Suppose -4 = -h, 4*t = t + 4*h - 7. Suppose -3*y - 51 - 84 = 0. List the prime factors of -4 - (y/t - -2).
3
Suppose -2*c + 7 - 53 = 0. Let w = c + 33. Suppose 3*i - 3*l - w = -2*l, -4*i + 4 = l. List the prime factors of i.
2
Suppose 871 = 13*b - 78. List the prime factors of b.
73
Let x(y) = 2*y**2 + 2*y + 9. List the prime factors of x(-2).
13
Suppose -16 = 4*g - 6*g. Let l = g + -8. Suppose 0 = -p - l*p + 16. List the prime factors of p.
2
What are the prime factors of 7/(-7)*(-2 + (-1 - 500))?
503
Suppose -397 = h - 2*h. List the prime factors of h.
397
Suppose 2 = t - 5*b + 6, -t = 3*b + 20. Let w(r) = -r**3 - 12*r**2 + 21*r + 26. List the prime factors of w(t).
2, 31
Let b be 2*(-1)/(4 - 2). What are the prime factors of (-3)/(b*(-5)/(-15))?
3
Let f be (3/(-6))/(2/24). What are the prime factors of f/8*-46*220/33?
2, 5, 23
Let a = 40 + 139. Suppose -4*o + 1 = -4*g - a, g + 2*o = -42. List the prime factors of 63/(-2)*g/33.
2, 3, 7
Suppose 0 = -q + 10*q - 27. Suppose -q*i + 265 = 2*i. List the prime factors of i.
53
Suppose 347 = 3*a - 5*s - 1241, -1076 = -2*a - s. Suppose a = 5*l + 66. What are the prime factors of l?
2, 47
List the prime factors of (-78)/52*(8530/(-6) + 1).
2131
Let v(t) = -t**2 - 3*t + 4. Let a be v(-3). Let z be (-4)/((a/(-54))/2). Suppose m - z = -2*m. List the prime factors of m.
2, 3
Let i = 11552 - 7679. What are the prime factors of i?
3, 1291
Let f(r) = -2*r + 41*r**2 - 2*r**2 - 6 + 4. What are the prime factors of f(-1)?
3, 13
Suppose 3*s - 2*p - 922 = 2*s, 4*p - 934 = -s. List the prime factors of s.
2, 463
Suppose 0 = 35*r - 34*r + 2*f - 7, 4*r + 5*f = 19. Let o(y) be the first derivative of 17*y**2/2 - 3*y + 1. List the prime factors of o(r).
2, 7
Suppose u + 2*w - 90 = 0, 0*w - w - 483 = -5*u. List the prime factors of u.
2, 3
List the prime factors of (21 + -211)*(-112)/5.
2, 7, 19
Let m(a) = -3*a**3 - 7*a**2 + 4*a - 13. Let s be m(-6). Let k = s + -220. List the prime factors of k.
139
Let h(l) = -6*l - 13. Suppose 0 = 3*y + y. Let i = y + -6. List the prime factors of h(i).
23
Let i = 23 + -21. Suppose 2*j = i*x + 298, -5*j + 4*x + 801 = 54. List the prime factors of j.
151
Let m(d) = -1 - d + 1 - 1 + 6. Let c be m(4). Suppose c - 5 = -2*n. List the prime factors of n.
2
Let m be ((-16)/(-10))/(-2)*-5. Suppose 2*v + 4*r - 82 = 0, 2*v + r = -m*r + 81. List the prime factors of v.
43
Suppose -l = -8 + 5. Suppose 8*m - 121 = -l*m. List the prime factors of m.
11
Suppose 0 = -4*y + 1087 + 857. What are the prime factors of y?
2, 3
Suppose 2*c = u + 8, -u - 4*c + 24 = -4*u. What are the prime factors of (u - -4)*8/(-1)?
2
Let z = 118 + -69. Let d = z + -16. What are the prime factors of d?
3, 11
Let y = 44 + -26. Suppose -37 = -2*u + c, u = 3*c + y + 3. List the prime factors of u.
2, 3
What are the prime factors of (468/10)/(66/220)?
2, 3, 13
Suppose i - 5*j - 3443 = 0, 3*i - 5*j + 17305 = 8*i. What are the prime factors of i?
2, 7, 13, 19
Suppose 0 = -8*v - 10008 + 29072. What are the prime factors of v?
2383
Suppose -3*s + 1137 = -3*p, 0 = -3*s - 2*s + 3*p + 1887. Let j be (-5)/(-10) - (-23)/2. What are the prime factors of s/9 - (-16)/j?
43
Let j(u) = 2*u + 197. List the prime factors of j(2).
3, 67
Let j = 1 + 1. Suppose -175 = -4*o - o + j*x, 3*o - 2*x - 105 = 0. List the prime factors of o.
5, 7
Suppose -y = 4*v - 995, -2*v - v + 750 = 2*y. List the prime factors of v.
2, 31
Suppose -116*j = -102*j - 10486. List the prime factors of j.
7, 107
Suppose -18 = -13*b + 15*b. Let g = 41 + b. List the prime factors of g.
2
Let n be 504/(-2 + 2 + 1). Suppose 0 = 8*b - b - n. Let y = b + -42. What are the prime factors of y?
2, 3, 5
Let c = 475 - 255. Suppose -c = -3*l + l. What are the prime factors of l?
2, 5, 11
Let k = -4 - -523. List the prime factors of (k/11 - 1) + (-20)/110.
2, 23
Let j be 2/((-9)/5 + 2). Suppose 2*b - 4*p - j = 0, 2*b - 4*p = -2*p + 8. Suppose b*q - 2 = 4. List the prime factors of q.
2
What are the prime factors of 1336*((-95)/8 - -12)?
167
Let b = -781 + 2072. List the prime factors of b.
1291
Let d = 1133 + -251. List the prime factors of d.
2, 3, 7
Let h(z) be the first derivative of z**5/40 + z**4/6 + 2*z**3 + 6.